Let a = -5 - -16. Suppose -48*d - 2756 = -100*d. Calculate the remainder when d is divided by a.
9
Suppose 166 = 2*j - 74. Calculate the remainder when j is divided by 41.
38
Let o(r) = 4*r**2 - 21*r - 10. Calculate the remainder when o(8) is divided by 22.
12
Suppose 3*k - 4*d - 52 = 0, -16 = 7*k - 9*k - 2*d. Calculate the remainder when 93 is divided by k.
9
Let u = -817 - -839. What is the remainder when 105 is divided by u?
17
Let b = 21 + -14. Suppose 0 = h + 4*h. Suppose h = -q + 2*q - 18. What is the remainder when q is divided by b?
4
Let o = -107 - -116. Let n be -1*1/(-1)*8. Let i(k) = 5*k - 5. What is the remainder when i(n) is divided by o?
8
Let m be 2/(((-21)/6)/(-7)). Let c be (-3)/m - 12/48. What is the remainder when 46 is divided by (-39)/(-3) - 3/c?
14
Let s(i) = i**2 - 4*i + 2. Let d be s(-5). Let a = d + -32. What is the remainder when a is divided by 2?
1
Let z be -3*4/24*6. What is the remainder when ((-92)/z)/((100/15)/10) is divided by 8?
6
Suppose -402 + 1312 = 35*c. What is the remainder when 154 is divided by c?
24
Let p = -10 - -18. Let s = 27 + -23. Suppose -s*z - 118 = -p*z + 5*w, -2*z + 72 = 4*w. Calculate the remainder when z is divided by 11.
10
Let v(j) = 4*j + 2. Suppose 7 = 2*m + 2*u - 11, -u + 29 = 5*m. Calculate the remainder when 86 is divided by v(m).
20
Suppose -4*m - 92 = -2*k + 704, 3*k + m - 1180 = 0. What is the remainder when k is divided by 33?
31
Let s(p) = 2*p**2 - 5*p + 6. Let x be (-1 + 2)/(6/(-60)). Let c be s(x). Suppose 2*n - c = -68. What is the remainder when n is divided by 32?
30
Let w be (4 - 6)*(-1)/(-2). Suppose 112 = 4*b - b - 5*i, 0 = -b + 4*i + 49. What is the remainder when b is divided by 0 - (-8 - (w + 1))?
5
Let s(d) = -2*d - 8. Let u be s(-6). Suppose -29 = -u*x + 19. Let f = x - 6. Calculate the remainder when 16 is divided by f.
4
Suppose 0 = 2*j + 3*j - 45. Calculate the remainder when (((-400)/(-8))/10)/(25/570) is divided by j.
6
Suppose 10 = -5*o + 40. Suppose -o*d + 2*d + 340 = 0. Calculate the remainder when d is divided by 22.
19
What is the remainder when 51*(-198)/(-27) - -9 is divided by 43?
39
Suppose 4*m - 18 = -2*r, m - 6*m = -4*r - 29. Suppose -m*h = -90 - 140. Suppose 7*x - 9*x = -24. Calculate the remainder when h is divided by x.
10
Suppose 637 - 52 = 13*q. What is the remainder when q is divided by 35?
10
What is the remainder when 16/20 - (-384)/20 is divided by 16?
4
Suppose -3*d = 4*l - 34, l = d + 4*l - 13. Suppose 322 = d*h - 3*h. What is the remainder when h is divided by 6?
4
Suppose -o + 3*h = -h - 88, 0 = -5*o - 3*h + 486. Let y = o + -53. What is the remainder when y is divided by 11?
10
What is the remainder when 173 is divided by (3/45)/(2/10)*267?
84
Suppose 2*c - 172 = -2*i, 2*c + 2*i - 346 = -2*c. Let y(p) = -23*p**3 - 2*p**2 - 2*p - 1. What is the remainder when c is divided by y(-1)?
21
Suppose d = -t + 53, 3*t + 4*d - 65 = 2*t. Calculate the remainder when 118 is divided by t.
20
Suppose 5*j - 3*z - 26 = z, -j = -4*z - 18. Suppose -10 = -5*p - 3*w, -p + 0*p - j*w = 5. What is the remainder when 7 is divided by p?
2
Suppose -2054 = 13*d - 15*d - 4*m, -m = d - 1022. Calculate the remainder when d is divided by 60.
57
Let r = 37 - 37. Suppose r = p + 3*p - 228. Suppose -2*i + 15 = -i. What is the remainder when p is divided by i?
12
What is the remainder when (1 - (14 - 12))/((-1)/113) is divided by 10?
3
Let b(a) = a - 56. Let m(f) = f - 28. Let k(x) = -3*b(x) + 5*m(x). Calculate the remainder when 12 is divided by k(-12).
0
Let s = 723 + -702. Calculate the remainder when 648 is divided by s.
18
Suppose 31 = -10*f + 181. Calculate the remainder when f is divided by 2.
1
Let v = 1959 - 1060. Calculate the remainder when v is divided by 15.
14
Let t = 604 + -582. Let y be -1 + 0 + -1 - 0. Let c = t + y. What is the remainder when 37 is divided by c?
17
Let r(s) be the first derivative of s**4/4 - 5*s**3/3 - 7*s**2/2 + 4*s + 34. Calculate the remainder when r(7) is divided by 9.
8
Let n(z) = 16*z**2 + z - 7. Suppose -22 = -5*k + 53. Calculate the remainder when n(-2) is divided by k.
10
Let y(i) = i + 1. Let m(h) = -4*h - 8. Let o(r) = 4*m(r) + 24*y(r). Let q be o(-4). What is the remainder when (-135)/25*q/12 is divided by 7?
4
Let l(c) = -c**3 - 6*c**2 - 5*c + 7. Suppose -2*u - 110 = -150. What is the remainder when l(-6) is divided by u?
17
Let l = -21813 - -21832. Let a = -50 + 120. Calculate the remainder when a is divided by l.
13
Suppose 0 = 8*f + 32*f - 14280. What is the remainder when f is divided by 93?
78
Let k(s) = 2*s**2 + 6*s + 2. Let x be k(-3). Suppose -r - 4*g + 38 = x*r, -2*r + 4*g = 8. What is the remainder when 17 is divided by r?
5
Let j = 686 - 395. Let w be j/12 + 1/(-4). Suppose 3 = 3*n - 2*s - 15, 0 = -4*n - 3*s + w. Calculate the remainder when 7 is divided by n.
1
Let r = 845 - 825. Calculate the remainder when 137 is divided by r.
17
Let h = 225 + -222. What is the remainder when 26 is divided by h?
2
Suppose -10*x + 5*d - 257 = -18*x, 4*x + 2*d = 130. Calculate the remainder when x is divided by (-1)/2 + 15/2.
6
Let y be 1/(-5)*-387 + 27/45. Suppose 5*d = 27 + y. Calculate the remainder when 61 is divided by d.
19
Suppose 4*w + 150 = 9*w + 4*t, -4*w - 5*t = -129. What is the remainder when w is divided by 6?
2
Let n(v) = 2*v**3 - 32*v**2 + v + 24. What is the remainder when n(16) is divided by 17?
6
Let a = -71 - -74. Suppose -216 = -a*y - 9*y. Calculate the remainder when y is divided by (-18)/(-15)*(-40)/(-6).
2
Suppose -4 = o - 14. Let c be -2 + 0 + o + -2. What is the remainder when 63 is divided by (-1)/c - (-582)/36?
15
Calculate the remainder when (-192)/(3 + 5 - 10) is divided by 15.
6
Calculate the remainder when 254 is divided by 20/(100/(-3)) + (-33)/(-5).
2
Let h = 0 - 30. What is the remainder when ((-320)/(-12))/(-2)*h/8 is divided by 17?
16
Let k = -421 - -443. What is the remainder when 125 is divided by k?
15
Let k be (-1)/(-2) + 66/44. Suppose -q - k*v + 23 = 0, -5*q + 0*q - 5*v + 100 = 0. Calculate the remainder when 100 is divided by q.
15
Let h be (-10)/35 - (-12)/(-7). Let z = 2 + h. Suppose 0 = -4*c + 20, -2*v + 3*c + 0*c + 41 = z. What is the remainder when v is divided by 10?
8
What is the remainder when 139 is divided by -14*(2 - (-3 + 17 + -7))?
69
Let g(x) = 4*x**3 - 15*x**2 + 21*x + 12. What is the remainder when g(4) is divided by 31?
19
Let g = -8 + 10. Suppose 0 = 3*q + g*q - 90. What is the remainder when q is divided by 7?
4
Let g(l) = l**2 + 4*l - 56. Let r be g(-8). What is the remainder when 45 is divided by 16/(-6)*(-4)/(r/(-27))?
9
Let x(p) = -39*p + 6. Let j be x(-2). Let b = 90 - j. Calculate the remainder when 8 is divided by b.
2
Suppose 17*m = -268 + 404. Calculate the remainder when 140 is divided by m.
4
Let b be (10/(-4))/(4/(-8)). Suppose -7*r + b + 9 = 0. What is the remainder when 7 is divided by r?
1
Suppose 0 = 6*b - 474 - 144. Calculate the remainder when 200 is divided by b.
97
Let m = 704 - 592. What is the remainder when m is divided by 52?
8
Suppose 5*c + 3*d - 554 = -0*c, 0 = 2*c + 2*d - 224. Let a = -98 + c. What is the remainder when 18 is divided by a?
7
Let h = -259 + 266. Calculate the remainder when 38 is divided by h.
3
Let z = 48 - 35. Let q = -258 - -386. Calculate the remainder when q is divided by z.
11
Let w = 28 - 16. Let k be -5*((-17)/(-5) - 3)*-1. Suppose 4*s = -k*i + 24, 3*s + 4*i = s + 6. What is the remainder when w is divided by s?
5
Let z = -2536 - -2583. What is the remainder when 281 is divided by z?
46
Let f = -1601 - -1984. Calculate the remainder when f is divided by 3.
2
Suppose -4*j = 4*d + 36, d - 5*j + 14 = -j. Let u(l) = l**3 - 5*l**2 - 3*l. Let n be u(5). Let o = d - n. What is the remainder when o is divided by 3?
2
Suppose 2*g - 3*g + 34 = 5*p, 5*p = 3*g + 38. Let n = -2 - -17. Let r = 26 - n. What is the remainder when r is divided by p?
4
Let r(a) = -16*a - 29. Let c = -75 - -71. What is the remainder when r(c) is divided by 12?
11
Suppose a = -4*t - 4, 4*t - 40 = -4*a + 2*t. Calculate the remainder when -47*2*(-1)/2 is divided by a.
11
Let l(m) be the first derivative of 1/2*m**2 + 4 + 27*m. What is the remainder when 106 is divided by l(0)?
25
Let t(a) = 2*a**3 - 18*a**2 - 13*a - 7. Calculate the remainder when t